t is the hundreds digit of 169775?
7
What is the units digit of 7869?
9
What is the hundreds digit of 35025?
0
What is the hundreds digit of 496?
4
What is the ten thousands digit of 12707?
1
What is the tens digit of 9252?
5
What is the tens digit of 5172?
7
What is the units digit of 2682?
2
What is the units digit of 56216?
6
What is the tens digit of 782?
8
What is the hundreds digit of 1836?
8
What is the tens digit of 80139?
3
What is the ten thousands digit of 33329?
3
What is the hundreds digit of 176?
1
What is the ten thousands digit of 154990?
5
What is the units digit of 2635?
5
What is the thousands digit of 42022?
2
What is the tens digit of 6280?
8
What is the units digit of 5196?
6
What is the tens digit of 1916?
1
What is the hundreds digit of 4306?
3
What is the hundreds digit of 47870?
8
What is the units digit of 3031?
1
What is the hundreds digit of 58099?
0
What is the ten thousands digit of 15854?
1
What is the tens digit of 801?
0
What is the hundreds digit of 1919?
9
What is the hundreds digit of 25549?
5
What is the tens digit of 14943?
4
What is the thousands digit of 6940?
6
What is the tens digit of 2449?
4
What is the thousands digit of 1034?
1
What is the units digit of 2646?
6
What is the tens digit of 80987?
8
What is the tens digit of 2179?
7
What is the ten thousands digit of 99373?
9
What is the thousands digit of 8463?
8
What is the tens digit of 13717?
1
What is the thousands digit of 1746?
1
What is the tens digit of 3178?
7
What is the hundreds digit of 11236?
2
What is the units digit of 6970?
0
What is the hundreds digit of 7243?
2
What is the hundreds digit of 29650?
6
What is the hundreds digit of 15653?
6
What is the thousands digit of 81937?
1
What is the thousands digit of 11157?
1
What is the hundreds digit of 1745?
7
What is the hundreds digit of 88872?
8
What is the hundreds digit of 366?
3
What is the thousands digit of 6861?
6
What is the units digit of 422?
2
What is the thousands digit of 1922?
1
What is the tens digit of 8536?
3
What is the units digit of 1707?
7
What is the thousands digit of 11678?
1
What is the units digit of 61334?
4
What is the ten thousands digit of 12998?
1
What is the units digit of 34433?
3
What is the thousands digit of 1463?
1
What is the units digit of 817?
7
What is the ten thousands digit of 27802?
2
What is the hundreds digit of 794?
7
What is the hundreds digit of 2435?
4
What is the thousands digit of 65298?
5
What is the units digit of 2217?
7
What is the tens digit of 335?
3
What is the units digit of 1511?
1
What is the tens digit of 46077?
7
What is the hundreds digit of 789?
7
What is the hundreds digit of 70349?
3
What is the hundreds digit of 35736?
7
What is the tens digit of 3224?
2
What is the units digit of 525?
5
What is the thousands digit of 10693?
0
What is the units digit of 406?
6
What is the hundreds digit of 31077?
0
What is the tens digit of 31681?
8
What is the units digit of 4747?
7
What is the tens digit of 15740?
4
What is the units digit of 118324?
4
What is the thousands digit of 3007?
3
What is the thousands digit of 48999?
8
What is the tens digit of 1893?
9
What is the ten thousands digit of 13324?
1
What is the ten thousands digit of 25882?
2
What is the thousands digit of 16927?
6
What is the hundreds digit of 415?
4
What is the tens digit of 801?
0
What is the tens digit of 5894?
9
What is the hundreds digit of 4470?
4
What is the tens digit of 2538?
3
What is the ten thousands digit of 11094?
1
What is the units digit of 1552?
2
What is the tens digit of 18282?
8
What is the tens digit of 1010?
1
What is the units digit of 1388?
8
What is the thousands digit of 1453?
1
What is the tens digit of 445?
4
What is the tens digit of 5795?
9
What is the hundreds digit of 39250?
2
What is the hundreds digit of 2200?
2
What is the units digit of 25880?
0
What is the thousands digit of 1407?
1
What is the thousands digit of 109132?
9
What is the hundreds digit of 119001?
0
What is the tens digit of 4744?
4
What is the ten thousands digit of 73948?
7
What is the tens digit of 27841?
4
What is the thousands digit of 5905?
5
What is the tens digit of 384?
8
What is the tens digit of 6732?
3
What is the tens digit of 85746?
4
What is the units digit of 18493?
3
What is the thousands digit of 3712?
3
What is the tens digit of 4069?
6
What is the hundreds digit of 27502?
5
What is the thousands digit of 1250?
1
What is the units digit of 414?
4
What is the tens digit of 3115?
1
What is the units digit of 34973?
3
What is the tens digit of 32074?
7
What is the units digit of 64174?
4
What is the tens digit of 2736?
3
What is the tens digit of 2124?
2
What is the hundreds digit of 947?
9
What is the hundreds digit of 98136?
1
What is the hundreds digit of 41913?
9
What is the hundreds digit of 8516?
5
What is the hundreds digit of 17948?
9
What is the hundreds digit of 782?
7
What is the units digit of 7339?
9
What is the tens digit of 3242?
4
What is the thousands digit of 1646?
1
What is the thousands digit of 1035?
1
What is the hundreds digit of 430?
4
What is the tens digit of 6308?
0
What is the thousands digit of 2066?
2
What is the tens digit of 59782?
8
What is the tens digit of 8316?
1
What is the thousands digit of 81749?
1
What is the tens digit of 2227?
2
What is the units digit of 43345?
5
What is the hundreds digit of 488?
4
What is the tens digit of 7707?
0
What is the tens digit of 31451?
5
What is the ten thousands digit of 30363?
3
What is the units digit of 8075?
5
What is the tens digit of 1356?
5
What is the hundreds digit of 523?
5
What is the units digit of 3535?
5
What is the thousands digit of 1461?
1
What is the hundreds digit of 177?
1
What is the thousands digit of 49420?
9
What is the tens digit of 1077?
7
What is the tens digit of 1374?
7
What is the units digit of 12429?
9
What is the units digit of 7?
7
What is the thousands digit of 3161?
3
What is the thousands digit of 6822?
6
What is the units digit of 4760?
0
What is the hundreds digit of 77111?
1
What is the units digit of 17946?
6
What is the tens digit of 919?
1
What is the units digit of 47953?
3
What is the hundreds digit of 2678?
6
What is the units digit of 7290?
0
What is the units digit of 1067?
7
What is the tens digit of 3014?
1
What is the tens digit of 21167?
6
What is the tens digit of 2734?
3
What is the tens digit of 10816?
1
What is the thousands digit of 1498?
1
What is the hundreds digit of 234?
2
What is the thousands digit of 3978?
3
What is the tens digit of 4506?
0
What is the tens digit of 39823?
2
What is the tens digit of 1991?
9
What is the tens digit of 109503?
0
What is the units digit of 13969?
9
What is the units digit of 3432?
2
What is the hundreds digit of 17778?
7
What is the tens digit of 1462?
6
What is the thousands digit of 86588?
6
What is the hundreds digit of 40870?
8
What is the tens digit of 9992?
9
What is the thousands digit of 82788?
2
What is the units digit of 1677?
7
What is the thousands digit of 6410?
6
What is the thousands digit of 1097?
1
What is the thousands digit of 52018?
2
What is the units digit of 5924?
4
What is the units digit of 937?
7
What is the hundreds digit of 574?
5
What is the units digit of 479?
9
What is the tens digit of 34806?
0
What is the tens digit of 9927?
2
What is the units digit of 13320?
0
What is the thousands digit of 45198?
5
What is the ten thousands digit of 31870?
3
What is the units digit of 19729?
9
What is the units digit of 527?
7
What is the units digit of 78722?
2
What is the tens digit of 2800?
0
What is the tens digit of 17475?
7
What is the tens digit of 408?
0
What is the units digit of 2367?
7
What is the hundreds digit of 3406?
4
What is the units digit of 9503?
3
What is the thousands digit of 21396?
1
What is the thousands digit of 141714?
1
What is the units digit of 64185?
5
What is the tens digit of 39167?
6
What is the units digit of 240?
0
What is the thousands digit of 6113?
6
What is the hundreds digit of 2767?
7
What is the units digit of 75043?
3
What is the thousands digit of 3723?
3
What is the units digit of 3354?
4
What is the tens digit of 17806?
0
What is the ten thousands digit of 12495?
1
What is the tens digit of 27743?
4
What is